 20*z**2. What is the remainder when l(r) is divided by 12?
10
Let b(s) = -s**3 - 5*s**2 + 3. Let q be b(-6). Suppose 3*z + 2*z + v - 65 = 0, -3*z + 3*v + q = 0. Calculate the remainder when 38 is divided by z.
12
Let q = 75 - 72. Calculate the remainder when 4 is divided by q.
1
Let j be 204/54 - (-4)/18. Calculate the remainder when 6/(-9)*(-174)/j is divided by 5.
4
Let f = 201 + -144. Calculate the remainder when f is divided by 20.
17
Let l(z) = 6*z**2 - 3*z - 2. Let q = 8 + 9. Calculate the remainder when l(-2) is divided by q*1 - (-10)/(-5).
13
Suppose -18 = -5*h + 5*i - 3, 0 = 5*h - 4*i - 12. Suppose h = 3*j + 2*j - 95. What is the remainder when j is divided by 6?
1
Let c = -16 + 28. Suppose n = -4*y - 0*n + 697, -4*y = 2*n - 694. Suppose -7*f + y = -2*f. Calculate the remainder when f is divided by c.
11
Let v = 24 + -17. Suppose 2*w = o - 6*o + 10, -25 = 4*o - 5*w. Suppose 2*z = -o*z + 40. What is the remainder when z is divided by v?
6
Suppose -20 = m + m. Calculate the remainder when m*(-3)/((-18)/(-15)) is divided by 9.
7
Suppose -3 = -2*s + 3. Suppose -s = -3*z + 6. Let q = -2 + z. What is the remainder when 2 is divided by q?
0
Let o be (78*-1)/(12/8). Let c = o + 85. What is the remainder when c is divided by 9?
6
Let n(x) = -19*x. Let s be n(-3). Suppose -s = -5*g - 22. Let o = g - 2. What is the remainder when o is divided by 2?
1
Let u be 6/3 - (2 + 1). Let r = 10 + u. Let v = 17 - r. Calculate the remainder when v is divided by 3.
2
Suppose -9*x + 6*x + 45 = 0. Calculate the remainder when x is divided by 2 - (-2 - -2 - 6).
7
Let m(f) = 26*f. Suppose -4*g + 4 = -0. Calculate the remainder when m(g) is divided by (-30)/(-4) - (-12)/8.
8
Suppose -4*o - 2*x + 22 = 0, -o - 1 = -3*x + 4. Let s be (-6)/(-9) + (-374)/(-6). Suppose -o*r + s = -r. Calculate the remainder when r is divided by 11.
10
Suppose 4*z + 2*j - 107 = -j, -5*z + j = -110. What is the remainder when z is divided by 6?
5
Let r(g) be the second derivative of g**5/20 + 5*g**4/6 + 3*g**3/2 + 2*g**2 + g. Suppose -4 = -k + 2. What is the remainder when k is divided by r(-9)?
2
Suppose -2*b = -5*j + 55, 5*j + b + 5 = 45. What is the remainder when j is divided by 6?
3
Suppose 6 = -2*r + 3*r. Let k(n) = -n**2 + 17*n + 6. What is the remainder when k(16) is divided by r?
4
Suppose -44*x - 18 = -45*x. Calculate the remainder when x is divided by 3*3 + (-1 - -2).
8
Suppose -5*g + 16 - 1 = 0. Suppose 0 = g*h, -2*l + 59 = -h + 25. What is the remainder when 65 is divided by l?
14
Suppose -3*n + 2*q = 3*q + 17, 5*q = -n - 29. Let j be n + 294 + (2 - 1). Calculate the remainder when (-3)/12 - j/(-12) is divided by 13.
11
Suppose 4*d - 71 = -p + 132, -4*p + 62 = d. Suppose -5*n = 5*c - 50, -3*c - 2*n = 11 - 44. What is the remainder when d is divided by c?
11
Let r(s) = 2*s**2 + s - 10. What is the remainder when 89 is divided by r(5)?
44
Let o(f) be the second derivative of f**5/20 + 5*f**4/6 + 3*f**3/2 + 3*f**2/2 + f. Calculate the remainder when 7 is divided by o(-9).
1
Let l(p) be the first derivative of -p**3/3 + 3*p**2 + 15*p + 7. Calculate the remainder when l(7) is divided by 19/7 + (-4)/(-14).
2
Suppose -5*j + 0*n + 15 = -5*n, -5*n + 3 = 4*j. Calculate the remainder when 13 is divided by j.
1
Let x = 17 + 9. Let j be (1/(-1) - 1) + 4. Suppose -2*t = -o + 4, j*o + 4*t = -t + 53. What is the remainder when x is divided by o?
12
Suppose 2*c - 3*g - 27 = -c, -4*c + 40 = -5*g. What is the remainder when (-58)/(-7) - 2/7 is divided by c?
3
Let a = -140 - -205. Suppose a = 3*y + 5. Calculate the remainder when (3 - -75)*1/2 is divided by y.
19
Let c(g) = g**2 - 2*g. Let h be c(3). Suppose h*k = -6 + 39. What is the remainder when 43 is divided by k?
10
Suppose 41 = 4*z + 5*o, -3*z + 0*z - 5*o = -32. Let n(f) = -f**2 - 14*f - 14. What is the remainder when n(-10) is divided by z?
8
Suppose -2*y + 34 = 4*h, h - 2 = -y + 10. Calculate the remainder when 25 is divided by y.
4
Suppose 2*u - 9 = -2*n + 17, u + 71 = 5*n. Let c(l) = 12 + n*l - 12. What is the remainder when 27 is divided by c(1)?
13
Calculate the remainder when (2/2)/((-3)/(-228)) is divided by 26.
24
Let d(m) = m**2 + 3*m - 3. Suppose 0 = -r - 0*r. Suppose 5*u - 8*o = -3*o + 5, r = -u + 2*o + 1. What is the remainder when d(-4) is divided by u?
0
Let h be (1/1 - 2)*41. Let j = -22 - h. Suppose 2*w + 5 = -2*z + 17, -16 = -2*z - w. What is the remainder when j is divided by z?
9
Suppose 48 = 3*m - 2*w - 349, -2*w - 667 = -5*m. Calculate the remainder when m is divided by 28.
23
Let s(u) = 5*u**3 + u**2 + u - 5. Let h(z) = 6*z**3 + z**2 + z - 6. Let a(l) = -4*h(l) + 5*s(l). What is the remainder when 48 is divided by a(2)?
9
Let r(n) = 3*n + 8. Let p be 5*5/((-25)/(-6)). Suppose h - 6 = -4*z + 12, -5*z = -h + 9. Calculate the remainder when r(p) is divided by h.
12
Let l(y) be the second derivative of y**4/3 - y**3/6 + 3*y. Calculate the remainder when 26 is divided by l(2).
12
Let g(k) = k + 4. Let r be g(15). Suppose 0 = -2*t + 4*t - 3*h - 48, -h + r = t. Calculate the remainder when t is divided by 11.
10
Suppose -2*o + o = -126. Suppose o = 4*g - k, 0*g - 3*k = g - 38. What is the remainder when g is divided by (-1)/2 + (-23)/(-2)?
10
Let j(v) = 7*v**2 + 9*v + 3. Let a(z) = 4*z**2 + 4*z + 1. Let u(b) = -5*a(b) + 3*j(b). Calculate the remainder when u(-9) is divided by 8.
6
Let v be -2 + 4 - (0 + -2). Suppose 7 = v*j - 9. Suppose -j*p = -0*p - 40. Calculate the remainder when p is divided by 6.
4
Let r(t) = 14*t**2 - 6*t - 12. What is the remainder when r(-4) is divided by 17?
15
Let s(k) = -k**3 - 3*k**2 - 2*k + 4. Let u be s(-5). Let y = 172 - u. Suppose -4*b + 0*b + y = 0. What is the remainder when b is divided by 14?
13
Suppose -l + 20 = 3*l. Suppose l*y = y + 76. Calculate the remainder when 36 is divided by y.
17
Let w(r) = -4*r**2 + 6*r + 4. Let u be w(7). Let y = -82 - u. Calculate the remainder when y is divided by 23.
22
Calculate the remainder when 8/36 - (2296/(-36) - -3) is divided by 32.
29
Let v be (21/(-28))/((-6)/16). Let c = 35 + v. What is the remainder when c is divided by 13?
11
Let c be ((-8)/3 + 2)*9. Let y = c - -11. What is the remainder when 8 is divided by y?
3
Let k be (6/(-4))/((-18)/60). Suppose -65 = -k*v - 0*v. Let b(t) = t + 4. Calculate the remainder when v is divided by b(3).
6
Calculate the remainder when 38 + 9/(3/(-1)) is divided by 19.
16
Let p = -21 + -14. Suppose -z - z - m - 37 = 0, 0 = 5*m + 15. Let h = z - p. Calculate the remainder when 52 is divided by h.
16
Suppose 4*n + 2 = -2. Let c be -1 + 2 - (n + 0). Suppose -q + c*q = 17. Calculate the remainder when q is divided by 9.
8
Suppose 5*i - 70 = -0*i. What is the remainder when 53 is divided by i?
11
Let f(n) = -21*n - 22. What is the remainder when f(-4) is divided by 22?
18
Let o = 0 - -1. Suppose 8*z - 3*z + 11 = 4*t, -2*t + 9 = z. Calculate the remainder when z is divided by o.
0
Suppose -4*k + 7 = -3*n, 5*k - 23 = -3*n + 2*n. Suppose k = 5*i - 46. What is the remainder when i is divided by 4?
2
Suppose 0 = 5*v + 3*r - 163, 2*r = 2*v - 3*r - 59. What is the remainder when 60 is divided by v?
28
Let k(d) = 5*d - 5. Let l(p) = 3*p**2 + 2*p - 6. Calculate the remainder when l(-5) is divided by k(5).
19
Suppose -i = -4*k + 180, -10 = -4*k - 4*i + 190. Calculate the remainder when k is divided by 24.
22
Suppose 0 = y - 0 - 4. Suppose 0*l - 208 = -y*l. What is the remainder when l is divided by 18?
16
Let j(b) = -3*b + 14. Calculate the remainder when j(-6) is divided by 11.
10
Suppose -s - 7 + 2 = -3*x, 0 = 2*x - 4*s. What is the remainder when 7 is divided by x?
1
Let h = 35 - 2. Calculate the remainder when h is divided by 9.
6
Suppose -2*k - 43 = -177. What is the remainder when k is divided by 23?
21
Let f = 13 - -9. What is the remainder when f is divided by 12?
10
Let z be ((-2)/1)/(-6)*9. Suppose -3*u + 98 = -2*v, 3*v + 0*v + 99 = z*u. Calculate the remainder when u is divided by 17.
15
Let u(t) = -11*t - 5. Calculate the remainder when u(-3) is divided by 15.
13
Suppose -q = 2*x - 3 - 6, -3*q - 3*x + 18 = 0. What is the remainder when 15 is divided by q?
0
Let z(i) = i**3 - 7*i**2 + 2*i - 6. Let b be 1 + 1*(-18)/(-3). Calculate the remainder when 31 is divided by z(b).
7
Let u be -5 + 6/2 + -1. Let j be 1